 -p**2 + 63524*p + 698873. Calculate v(-11).
-12
Let s(n) = 3*n**2 + 253*n + 7863. Give s(-27).
3219
Let k(x) = -565977*x + 2263901. What is k(4)?
-7
Let i(h) = 2430*h + 48229. Determine i(-20).
-371
Let p(s) = -318520*s + 955559. Determine p(3).
-1
Let m(w) = -w**3 - 220*w**2 - 2105*w - 1042. Calculate m(-210).
8
Let p(r) = 4*r**2 + 13*r - 1970. Determine p(18).
-440
Let r(a) = 3*a**2 + 101*a + 743. Calculate r(-20).
-77
Let i(t) = 311*t + 1457. Calculate i(0).
1457
Let c(t) = 76*t**3 + 4*t**2 - 118*t + 229. What is c(2)?
617
Let o(c) = 5*c**2 - 41*c - 74. Calculate o(11).
80
Let p(z) = 2*z**3 - 50*z**2 + 257*z - 99. What is p(18)?
-9
Let f(k) = -2*k**3 + 78*k**2 - 445*k + 7. Give f(7).
28
Let f(v) = -1457*v - 489557. Determine f(-336).
-5
Let s(h) = 358*h**3 - 3577*h**2 - 26*h + 15. Give s(10).
55
Let i(c) = -c**3 - 80*c**2 - 506*c - 41459. What is i(-80)?
-979
Let w(g) = 119*g**2 - 355*g - 208. What is w(5)?
992
Let o(m) = -6*m**3 + 73*m**2 + 573*m + 16. Determine o(-8).
3176
Let o(u) = -4*u**2 + 445*u + 4108. What is o(-9)?
-221
Let l(k) = 5*k**2 - 50*k + 1053. What is l(13)?
1248
Let a(k) = 24*k - 11590. Give a(490).
170
Let u(g) = g**3 - 7*g**2 - 156*g + 108. What is u(16)?
-84
Let q(l) = -15549*l + 1166195. Give q(75).
20
Let q(s) = -15531*s - 46631. Give q(-3).
-38
Let u(g) = -1674*g**2 + 1757*g - 4. Calculate u(2).
-3186
Let g(i) = -120*i**2 + 3390*i - 55. Give g(28).
785
Let o(u) = -u**3 - 377*u**2 + 856*u + 37221. Determine o(-379).
79
Let x(i) = 1698*i - 23795. Determine x(14).
-23
Let i(k) = 20*k**2 - 2947*k + 550. Calculate i(148).
2474
Let s(t) = 4*t**2 + 79*t + 265. Calculate s(0).
265
Let h(a) = a**3 - 30*a**2 - 501*a - 203. What is h(42)?
-77
Let v(b) = 74*b**2 + 396*b - 1184. Give v(3).
670
Let s(x) = x**3 - 49*x**2 - 3429*x - 247. Give s(88).
17
Let b(r) = -672919*r - 22. What is b(0)?
-22
Let s(n) = 150*n - 9382. Give s(63).
68
Let n(x) = 4*x**2 + 249*x - 6779. Give n(-83).
110
Let p(l) = -6*l**2 - 314*l - 1052. What is p(-37)?
2352
Let z(j) = 51*j**3 + 8*j**2 + 52*j - 135. What is z(2)?
409
Let n(b) = b**2 + 2869*b - 312271. Calculate n(105).
-1
Let m(y) = -14*y**2 - 1236*y - 27245. Calculate m(-43).
17
Let m(z) = -3*z**3 - 150*z**2 - 348*z - 2909. What is m(-48)?
-29
Let n(y) = -3*y**2 + 287*y - 5987. What is n(64)?
93
Let j(r) = r**3 - r**2 - 383*r - 41. Determine j(20).
-101
Let h(u) = 37*u**2 - 446*u + 1374. Give h(3).
369
Let m(z) = 105*z**2 - 30655*z - 1504. Give m(292).
-44
Let l(q) = q**3 + 42*q**2 + 3222*q - 6608. Calculate l(2).
12
Let m(r) = -5*r**2 + 454*r - 4681. What is m(79)?
-20
Let d(y) = 77197*y - 49. Determine d(0).
-49
Let f(q) = -1162*q**2 + 19853*q + 53. What is f(17)?
1736
Let f(z) = -z**3 + 235*z**2 + 5042*z + 14794. Determine f(255).
4
Let j(i) = 216*i**3 - 6*i**2 + 1073*i + 1074. Determine j(-1).
-221
Let l(i) = -11719*i**2 + 199187*i + 615. Give l(17).
3
Let n(a) = 27*a**3 - 223*a**2 + 23*a + 152. Calculate n(8).
-112
Let i(u) = 20058*u - 782489. What is i(39)?
-227
Let v(z) = -30920*z + 463766. Determine v(15).
-34
Let v(k) = -27*k**3 + 7*k**2 + 4*k + 1. What is v(4)?
-1599
Let l(c) = 1918706*c - 5756136. Give l(3).
-18
Let i(o) = -2*o**2 + 5022*o - 45217. Give i(9).
-181
Let m(a) = -9*a**2 + 205*a - 976. Calculate m(0).
-976
Let z(g) = 64*g**2 + 665*g + 1223. Determine z(-8).
-1
Let t(o) = 13374*o + 119994. Calculate t(-9).
-372
Let h(s) = s**3 + 61*s**2 - 216*s - 1510. Give h(-64).
26
Let q(i) = -4137*i - 37339. Give q(-9).
-106
Let q(f) = -2*f**2 - 1811*f + 295109. Calculate q(141).
-4
Let g(t) = -607362*t - 27938656. Give g(-46).
-4
Let l(p) = 2789*p + 2722. Give l(-1).
-67
Let p(i) = -974*i - 7625. Give p(-8).
167
Let s(w) = -9099*w + 7561263. Give s(831).
-6
Let r(w) = -w**3 + w**2 + 170*w + 862. What is r(-5)?
162
Let s(z) = z**3 + 24*z - 196. What is s(0)?
-196
Let t(n) = 6*n**2 + 510*n + 5796. Give t(-13).
180
Let z(m) = -5671*m + 60322. What is z(10)?
3612
Let v(b) = -b**2 + 98*b + 16088. Give v(-87).
-7
Let z(i) = -13*i**2 + 1517*i + 2015. Determine z(118).
9
Let t(y) = 32*y**2 - 216*y + 248. Give t(5).
-32
Let k(m) = 2*m**3 - 362*m**2 + 61*m - 11148. Give k(181).
-107
Let r(f) = 35*f**2 + 194*f + 6. What is r(-5)?
-89
Let d(k) = 88*k**3 - 343*k**2 + 3*k + 10. Calculate d(4).
166
Let d(g) = -127*g**2 - 415*g + 5341. Give d(5).
91
Let a(b) = 2*b**2 + 607*b + 44544. Give a(-155).
-1491
Let o(l) = -2*l**3 + 35*l**2 + 718*l - 980. Give o(-13).
-5
Let d(o) = o**3 + 341*o**2 + 561*o + 75106. What is d(-340)?
-34
Let k(o) = 84*o + 4300. Calculate k(-66).
-1244
Let n(j) = 5*j**3 - 291*j**2 + 3369. What is n(58)?
5
Let p(y) = 18081*y + 90571. Determine p(-5).
166
Let m(c) = 267*c + 8011. Give m(-30).
1
Let u(d) = d**3 + 57*d**2 - 14*d - 14257. What is u(-52)?
-9
Let l(q) = -q**3 + 344*q**2 - 290*q - 18190. What is l(343)?
-11
Let q(o) = 1331*o**3 - 4*o**2 + 69*o + 73. What is q(-1)?
-1331
Let c(i) = 1531*i + 10632. What is c(-7)?
-85
Let m(l) = -596*l + 131194. Determine m(220).
74
Let c(o) = o**3 - 16*o**2 + 45*o - 444. Determine c(15).
6
Let i(x) = x**2 - 107460*x + 214911. Give i(2).
-5
Let o(x) = -12*x**2 - 1574*x + 29910. Calculate o(-148).
14
Let a(s) = -s**3 - 628*s**2 + 9025*s + 23754. Calculate a(-642).
0
Let z(o) = 28*o**2 - 430*o - 2332. Determine z(-5).
518
Let g(u) = u**2 + 1442*u - 256314. What is g(160)?
6
Let x(z) = -z**3 - 8*z**2 + 39*z + 483. Determine x(-7).
161
Let b(q) = -3*q**2 + 171*q - 294. What is b(55)?
36
Let w(y) = 7747*y**2 - 69715*y - 42. Determine w(9).
30
Let c(p) = -1356948*p - 12212530. What is c(-9)?
2
Let f(b) = 251*b - 11392. Give f(45).
-97
Let d(g) = 3393*g + 2246174. Give d(-662).
8
Let i(m) = 411*m + 55962. Give i(-136).
66
Let q(f) = -4870*f - 798677. Determine q(-164).
3
Let x(k) = 2*k**3 - 62*k**2 + 139*k + 64. What is x(28)?
-748
Let n(q) = 1654*q + 191878. Give n(-116).
14
Let o(n) = n**3 + 9*n**2 + 40*n - 1113. Give o(0).
-1113
Let x(k) = 76452*k - 840721. Determine x(11).
251
Let j(y) = y**2 + 832*y + 68086. Give j(-92).
6
Let c(k) = 17763*k + 1101235. Determine c(-62).
-71
Let c(i) = -i**3 - 24*i**2 + 16*i + 469. What is c(-24)?
85
Let m(r) = r**2 - 81*r - 350. Give m(53).
-1834
Let k(a) = a**2 - 3337*a + 66345. Determine k(20).
5
Let n(c) = 9305*c - 10068003. Give n(1082).
7
Let k(s) = 2*s**3 + 989*s**2 - 1490*s - 716. Give k(-496).
276
Let r(z) = 38327*z - 344864. Give r(9).
79
Let a(t) = 258*t**2 + 70437*t + 677. Determine a(-273).
-142
Let k(v) = v**3 + 13*v**2 - 351*v - 4408. Calculate k(-13).
155
Let i(a) = a**3 - 82*a**2 + 70*a - 2653. What is i(82)?
3087
Let q(g) = 2*g**3 - 8*g**2 - 791*g - 9. Calculate q(-18).
-27
Let d(l) = l**3 + 17*l**2 - 2147*l - 38383. Determine d(-18).
-61
Let l(v) = 258*v - 16246. Give l(63).
8
Let c(f) = -8*f**3 - 3826*f**2 + 2904*f + 14380. What is c(-479)?
10
Let t(g) = -3*g**3 + 8*g**2 + 98*g - 512. Give t(5).
-197
Let d(z) = z**2 + 1640*z - 531030. What is d(277)?
-21
Let l(h) = -2*h**3 - 59*h**2 - 9*h + 471. Determine l(-29).
-109
Let a(o) = 42*o + 152. What is a(-2)?
68
Let t(v) = 13319*v + 4674912. Calculate t(-351).
-57
Let a(k) = 2*k**3 + 362*k**2 + 3431*k + 109. Give a(-10).
-1
Let l(m) = 2*m**3 - 23*m**2 - 201*m - 10. What is l(-8)?
-898
Let w(x) = 6579*x + 6602. Give w(-1).
23
Let k(m) = m**2 - 1645*m + 134071. What is k(86)?
-3
Let m(z) = 338*z + 7049. Calculate m(-23).
-725
Let j(x) = 40*x**2 + 289*x + 441. Calculate j(-6).
147
Let b(l) = -20*l**2 - 180*l + 1739. Give b(-15).
-61
Let f(k) = -2*k**2 - 261488*k + 5492168. Determine f(21).
38
Let c(q) = -164*q**2 + 1648*q - 27. What is c(10)?
53
Let p(d) = 21*d**2 + 2674*d - 1778. Calculate p(-128).
14
Let y(v) = 11*v**2 + 5737*v - 37485. Determine y(-528).
3
Let k(u) = -2*u**3 + 31*u**2 + 10*u + 70. Give k(16).
-26
Let l(i) = -i**3 + 510*i**2 - 56000*i. Calculate l(160).
0
Let r(j) = -32*j**2 + 1745*j + 827. Calculate r(55).
2
Let d(h) = -81125*h - 5273120. Calculate d(-65).
5
Let x(m) = -10*m**3 + 4*m**2 + 41*m - 65. Give x(-5).
1080
Let w(g) = 98*g + 3483. Calculate w(-35).
53
Let t(u) = 5733*u + 96348. Give t(-17).
-1113
Let n(l) = l**2 + 42706*l + 2643879. Give n(-62).
-49
Let l(j) = -66*j**2 + 61*j + 335. What is l(3)?
-76
Let p(t) = -12170*t + 12162. Calculate p(1).
-8
Let w(q) = q**3 + 174*q**2 - 1290*q + 159. What is w(7)?
-2
Let l(j) =